3 and y?
163
Suppose 0*f + 11*f + 10857 = 0. Let r be f/94*32/(-14). Let h be 2*-1 - (-19 + 1). What is the highest common divisor of r and h?
8
Suppose 8 = 4*n - 0. Let v = 2127 + -2114. Suppose n*t - u = v, 4*t - 6*t = -3*u - 19. What is the greatest common factor of 50 and t?
5
Suppose 113*t - 337862 = 108262. What is the greatest common divisor of 12 and t?
12
Let a(t) = 371*t - 4739. Let r be a(13). What is the greatest common factor of r and 59136?
84
Let g(v) = -v**3 + 6*v - 10. Let w be g(-4). Suppose -2*o = -2*a - 668, 17*a - 14*a = -12. What is the greatest common divisor of o and w?
30
Suppose -18*w + 27*w + 86086 = 52*w. What is the highest common factor of 13 and w?
13
Suppose -2*x + 5*u + 26 = 0, -5 + 9 = -2*u. Suppose -2*z = 3*t - 614, 3*z - 904 = x*t - 4*t. Calculate the greatest common divisor of 19 and z.
19
Let c = -339 - -170. Let k = c - -171. What is the greatest common divisor of 8 and k?
2
Let b = 5809 + -5789. Calculate the greatest common factor of b and 1580.
20
Let h(m) = -31*m - 2. Let f be ((-66)/55)/(6/(-20)). Let o be (-4)/(-8)*-1*f. Let z be h(o). What is the highest common divisor of z and 15?
15
Let i be (16/1)/(22/836). Let q = 652 - i. Calculate the greatest common divisor of 66 and q.
22
Suppose -5*v + 155 = -0*v. Suppose -104 = -2*h - 2*t, -2*h + 133 = 3*t + v. What is the greatest common factor of 81 and h?
27
Suppose 0 = -5*c + 2*c + 15, 67 = 2*y + 3*c. Let w be 10 - 0 - (199 + -527). What is the greatest common divisor of w and y?
26
Suppose -6*a = -5*a + 3*o + 19, 0 = o - 4. Let j = -9 - a. Let t = 22 + 22. Calculate the highest common factor of j and t.
22
Let k(v) = -5*v + 166. Let n be k(32). Calculate the highest common divisor of 122 and n.
2
Let t = 87 - 52. Let f be ((-36)/(-6) + 4)*(1 + (-4 - -17)). Calculate the greatest common factor of t and f.
35
Let g(y) = 4*y**2 - 224*y - 216. Let m be g(57). Calculate the highest common factor of m and 28332.
12
Suppose 3*r = -6*r + 45. Suppose 0 = -r*a + 2*a + 72. Suppose a = 12*o - 9*o. What is the highest common factor of 8 and o?
8
Let n(s) = -3*s**2 - 22*s + 31. Let i be n(-6). Calculate the greatest common divisor of i and 715.
55
Suppose 644 = -67*v + 44*v. Let g be 8/v - 107/(-7). What is the highest common factor of g and 360?
15
Suppose 0 = z + 3*p - 57 - 55, -4*z = 5*p - 420. Let x be 20/(-12)*(-1440)/z. Suppose -3*g + 4*g = 3. What is the greatest common factor of x and g?
3
Let m(x) = -19*x**3 + 11*x**2 - 17*x**3 + 5 - 14*x**3 - 6*x + 48*x**3. Let c be m(4). Calculate the greatest common divisor of 2 and c.
1
Let z(k) = k**2 - 29*k + 7. Let i be z(29). Let h be (i + 76/(-8))/((-1)/6). What is the greatest common factor of 51 and h?
3
Suppose 0 = -71*c - 1392 + 4232. What is the highest common divisor of 810 and c?
10
Let l(k) = k - 19. Let u = 8 + 1. Let d be l(u). Let j(i) = i**3 + 10*i**2 + 7. Let n be j(d). Calculate the highest common divisor of 63 and n.
7
Suppose -24*w - 9*y = -29*w + 139, -2*y + 102 = 4*w. What is the highest common factor of w and 3562?
26
Let d = 175 - 97. Let q = d + -15. Calculate the greatest common divisor of q and 18.
9
Let o(g) = 2*g**2 + 12*g + 10. Let l be o(-11). Suppose -9 = 9*a - 12*a. Suppose -l = 2*d - a*d. Calculate the highest common factor of d and 15.
15
Let w be -6 + (-7)/((-35)/15). Let l be (-3 + (-12)/(-3))/(w/(-294)). What is the highest common factor of 56 and l?
14
Let i = 10 + 10. Let t = i - -24. Calculate the greatest common factor of 4 and t.
4
Suppose 12*r = -13*r + 502 + 48. Calculate the highest common divisor of 2 and r.
2
Let w = 16463 + -16147. What is the greatest common factor of 4 and w?
4
Suppose 0 = -2*a + l + 80, 3*l + 2 = 3*a - 124. Let z(x) = x**3 + 78*x**2 + 68*x - 6308. Let k be z(-76). What is the greatest common divisor of k and a?
38
Suppose 6*k + 119381 = -125*k + 999701. What is the greatest common factor of k and 144?
48
Suppose -4*o - c + 54 = 0, 2*o - c = c + 32. Suppose 0*f + o = 7*f. Let i = f + 7. Calculate the highest common factor of i and 18.
9
Suppose -2*s - 69880 = -7*s + 5*o, 4*s = -4*o + 55840. Calculate the highest common factor of 144 and s.
144
Suppose 58*j - 18*j - 1320 = 0. Suppose -4*r = -a + 16, 3*a + 2*a + 4*r = -40. Let k = 7 + a. What is the greatest common divisor of j and k?
3
Let t(d) = -7*d**3 + 77*d**2 + 24*d - 6. Let w be t(11). What is the highest common divisor of w and 4386?
258
Suppose -44*r + 20 = -42*r. Suppose -7*t = -r*t - 5*i + 37, -2*t + 2*i + 14 = 0. What is the greatest common divisor of t and 279?
9
Let r be 10/(-20) + (-38)/(-4). Let v = 66195 + -66102. Calculate the highest common divisor of r and v.
3
Let w(x) = -x**3 + 33*x**2 - 29*x - 75. Let j be w(32). Suppose -4495 = -j*l - 10*l. What is the highest common divisor of l and 29?
29
Suppose 36*u = 4*o + 31*u - 2043, 2044 = 4*o - 4*u. What is the greatest common divisor of 16 and o?
16
Suppose a = 39*a + 342. Let q be 0 + 66 + (-5 - a). What is the highest common divisor of q and 42?
14
Let p be ((-47)/(-3))/(12/(-45) - (-286)/660). What is the highest common divisor of p and 2?
2
Let q = 44514 + -43560. Calculate the greatest common divisor of 486 and q.
18
Let i = 9686 - 9476. Let v(n) = 57*n - 5. Let s be v(5). What is the highest common factor of s and i?
70
Let v(i) = 2*i**2 + 2*i - 4. Let x be v(3). Suppose 13*c - x*c + 1848 = 0. Calculate the greatest common divisor of c and 48.
24
Let h be ((13 + -15)/(4/(-10)))/1. What is the greatest common divisor of 5515 and h?
5
Let u = 4240 + -4009. What is the highest common factor of u and 847?
77
Suppose 2*r = -5*h + 983 + 794, -2672 = -3*r - h. What is the greatest common factor of r and 66?
33
Let w(r) = 104*r**2 + 30*r. Let n be w(1). What is the highest common factor of 4154 and n?
134
Let y be 5/(-5) - 8 - -589. Calculate the greatest common factor of y and 203.
29
Let p = -2905 - -2934. What is the greatest common divisor of 29377 and p?
29
Let x(m) = 3*m - 126. Let j be x(42). Let q be (j - -281) + (-5)/30*-30. Calculate the greatest common factor of q and 22.
22
Let j(u) = 11*u**2 + 323*u - 82. Let t be j(-35). What is the highest common divisor of 120 and t?
24
Let g = -134 + 134. Suppose 18*r + 9*r - 2214 = g. Calculate the highest common factor of 738 and r.
82
Suppose 37*x = -29*x - 6*x + 13248. Calculate the highest common factor of 41492 and x.
92
Let s = 60 - 56. Let q(d) = d**2 - 10*d - 147. Let b be q(-13). What is the greatest common factor of b and s?
4
Suppose 17*u - 96 = 11*u. Suppose -17*p + u*p + 11 = 0. Calculate the greatest common factor of p and 33.
11
Let w(t) = t**3 - t**2 + 37*t - 174. Let f be w(4). What is the highest common factor of 407 and f?
11
Suppose 37*k - 150 = 146. Calculate the greatest common factor of 108 and k.
4
Let g be (-15)/(-2)*(9 + -5). Let s be (-120)/15 - (4 + (3 - 120)). What is the highest common divisor of g and s?
15
Let r = 188 + -107. Let w = -82 + r. Let y be -7*((-51)/7 - -3) - w. What is the highest common factor of 248 and y?
31
Let v(k) = -k**2 + 6*k - 2. Let c = -197 + 201. Let j be v(c). Calculate the highest common divisor of 15 and j.
3
Suppose 5*q - 10 = 0, -2*m + 0*m = -2*q - 2. Suppose 5*g - 2*y - 994 = 0, m*g + 5*y = 2*g + 215. What is the greatest common factor of g and 25?
25
Suppose -5*k = -2*d + 80, 3*k + 55 = 5*d - 145. Suppose 2*r - 68 = -0*r. Let m = d - r. Calculate the highest common divisor of m and 3.
3
Let a(t) = -t**2 - 12*t - 33. Let d be a(-12). Let r = d + 185. Let v = -96 + r. What is the highest common divisor of v and 8?
8
Let z(l) = 146*l**2 - 113*l - 3. Let t be z(1). Let m be (8/(-10))/(2/85). Let o = -24 - m. Calculate the highest common divisor of t and o.
10
Suppose 0*v - 4*v + 36 = 4*x, 5*x = 5*v + 5. Suppose -x*k + a = 0, -4*k - a = -10 + 1. What is the greatest common divisor of 3 and k?
1
Suppose -r + 137 = -4*j - 6*r, -4*r = -2*j - 36. Let h be 80/30 - j/21. What is the greatest common factor of h and 2?
2
Let i = -186 - 393. Let f = -351 - i. Calculate the highest common divisor of f and 12.
12
Suppose 0*l + 10*l + 1920 = 0. Let n be (-40 + -2)/((l/(-136))/(-12)). What is the greatest common factor of 42 and n?
21
Let u be -1 + (-10)/(-4) + (-378)/(-28). Suppose -248 = -u*k + 172. Calculate the greatest common facto